the greatest common factor of 252 and 7119?
63
What is the greatest common divisor of 6 and 114?
6
What is the greatest common divisor of 779 and 19?
19
What is the highest common divisor of 196 and 2450?
98
What is the greatest common divisor of 35 and 65?
5
Calculate the highest common divisor of 169 and 91.
13
What is the greatest common factor of 176 and 2332?
44
What is the greatest common divisor of 1834 and 56?
14
Calculate the greatest common factor of 16 and 116.
4
Calculate the highest common divisor of 1794 and 2886.
78
What is the highest common divisor of 60 and 84?
12
Calculate the highest common divisor of 75 and 125.
25
What is the greatest common factor of 21034 and 26?
26
Calculate the greatest common factor of 70 and 105.
35
Calculate the greatest common factor of 38 and 190.
38
Calculate the greatest common factor of 204 and 238.
34
What is the highest common divisor of 858 and 176?
22
Calculate the greatest common factor of 2575 and 309.
103
What is the highest common divisor of 602 and 112?
14
What is the greatest common divisor of 589 and 651?
31
What is the greatest common divisor of 6164 and 92?
92
What is the highest common divisor of 6027 and 294?
147
Calculate the highest common divisor of 22 and 770.
22
What is the highest common divisor of 4340 and 10?
10
What is the greatest common divisor of 8640 and 1056?
96
What is the greatest common factor of 101 and 101?
101
Calculate the highest common divisor of 44 and 2068.
44
What is the highest common factor of 4977 and 79?
79
What is the greatest common factor of 245 and 660?
5
What is the greatest common divisor of 22 and 3718?
22
Calculate the highest common factor of 236 and 354.
118
Calculate the greatest common factor of 6750 and 150.
150
Calculate the greatest common factor of 86 and 1462.
86
What is the greatest common factor of 27 and 27?
27
What is the highest common divisor of 1820 and 280?
140
Calculate the highest common divisor of 66 and 33.
33
Calculate the greatest common divisor of 182 and 221.
13
Calculate the highest common divisor of 19 and 2280.
19
What is the highest common factor of 18 and 9?
9
Calculate the highest common factor of 351 and 546.
39
What is the highest common divisor of 84 and 114?
6
What is the highest common divisor of 432 and 16?
16
Calculate the greatest common factor of 4015 and 121.
11
What is the greatest common divisor of 6 and 2296?
2
What is the greatest common divisor of 490 and 196?
98
Calculate the greatest common divisor of 10 and 36.
2
What is the greatest common factor of 3 and 3453?
3
What is the greatest common factor of 341 and 124?
31
Calculate the highest common divisor of 10 and 10490.
10
Calculate the greatest common factor of 266 and 950.
38
Calculate the highest common factor of 31752 and 168.
168
What is the greatest common factor of 115 and 69?
23
Calculate the greatest common factor of 111 and 7.
1
What is the greatest common factor of 60 and 30?
30
What is the greatest common factor of 77 and 44?
11
Calculate the greatest common divisor of 350 and 1100.
50
Calculate the greatest common factor of 18 and 576.
18
What is the greatest common factor of 14575 and 530?
265
What is the highest common factor of 63 and 2097?
9
Calculate the greatest common divisor of 1276 and 4.
4
What is the greatest common factor of 4544 and 213?
71
Calculate the greatest common divisor of 741 and 234.
39
Calculate the highest common divisor of 1115 and 3568.
223
What is the highest common divisor of 1105 and 1885?
65
What is the highest common factor of 3 and 8697?
3
What is the highest common divisor of 660 and 484?
44
What is the highest common divisor of 152 and 57?
19
What is the highest common factor of 192 and 60?
12
Calculate the greatest common factor of 80 and 4040.
40
What is the highest common divisor of 520 and 40?
40
What is the greatest common divisor of 1604 and 4?
4
What is the greatest common divisor of 252 and 1806?
42
Calculate the highest common factor of 615 and 9.
3
What is the greatest common divisor of 178 and 16643?
89
What is the greatest common factor of 28 and 973?
7
What is the greatest common factor of 2303 and 47?
47
Calculate the greatest common factor of 51 and 272.
17
Calculate the greatest common factor of 11398 and 164.
82
Calculate the highest common factor of 453 and 6493.
151
Calculate the highest common divisor of 36 and 20.
4
What is the highest common divisor of 1470 and 35?
35
Calculate the highest common divisor of 638 and 14.
2
What is the greatest common factor of 152 and 2888?
152
Calculate the highest common divisor of 30 and 35.
5
What is the greatest common divisor of 120 and 110?
10
Calculate the greatest common divisor of 1003 and 767.
59
What is the highest common factor of 756 and 2?
2
What is the greatest common divisor of 80 and 290?
10
What is the highest common factor of 3615 and 15?
15
What is the highest common factor of 64362 and 102?
102
What is the greatest common divisor of 624 and 168?
24
Calculate the highest common divisor of 12 and 516.
12
Calculate the greatest common factor of 1649 and 97.
97
Calculate the greatest common divisor of 3773 and 14.
7
Calculate the greatest common factor of 75 and 12.
3
Calculate the highest common divisor of 12 and 108.
12
What is the greatest common divisor of 180 and 6444?
36
What is the highest common factor of 17235 and 135?
45
Calculate the greatest common factor of 50 and 5050.
50
Calculate the greatest common divisor of 45 and 690.
15
What is the greatest common divisor of 2280 and 48?
24
What is the highest common divisor of 640 and 90?
10
What is the greatest common divisor of 14 and 23?
1
Calculate the highest common divisor of 348 and 36.
12
What is the greatest common factor of 263 and 5786?
263
Calculate the highest common factor of 460 and 2185.
115
Calculate the highest common divisor of 17 and 833.
17
What is the highest common factor of 10 and 220?
10
Calculate the highest common divisor of 205 and 155.
5
Calculate the greatest common divisor of 492 and 24.
12
What is the greatest common divisor of 1166 and 53?
53
What is the highest common divisor of 108 and 508?
4
What is the highest common factor of 11 and 1529?
11
What is the greatest common factor of 363 and 891?
33
What is the greatest common factor of 1 and 127?
1
Calculate the greatest common divisor of 2407 and 747.
83
What is the highest common divisor of 182 and 112?
14
What is the greatest common divisor of 5 and 350?
5
Calculate the highest common divisor of 16 and 12592.
16
Calculate the highest common factor of 357 and 7599.
51
Calculate the greatest common divisor of 129 and 11567.
43
What is the greatest common divisor of 25 and 800?
25
Calculate the highest common divisor of 740 and 60.
20
Calculate the highest common factor of 7 and 77.
7
What is the highest common factor of 100 and 100?
100
What is the greatest common factor of 646 and 34?
34
What is the greatest common factor of 562 and 2529?
281
Calculate the greatest common divisor of 78 and 3822.
78
Calculate the greatest common divisor of 123 and 3813.
123
What is the greatest common factor of 157 and 1?
1
What is the highest common factor of 2001 and 69?
69
What is the greatest common factor of 72 and 2304?
72
Calculate the greatest common factor of 98 and 5446.
14
Calculate the greatest common factor of 7040 and 40.
40
Calculate the highest common factor of 99 and 27.
9
What is the highest common divisor of 1806 and 1134?
42
What is the greatest common factor of 28 and 1918?
14
Calculate the highest common divisor of 51 and 136.
17
Calculate the greatest common divisor of 33 and 242.
11
What is the highest common divisor of 3 and 216?
3
Calculate the highest common divisor of 36 and 186.
6
What is the greatest common divisor of 68 and 17?
17
What is the highest common factor of 2449 and 31?
31
What is the greatest common divisor of 5 and 1315?
5
Calculate the greatest common divisor of 15 and 260.
5
What is the highest common divisor of 31 and 5952?
31
Calculate the highest common factor of 375 and 1275.
75
Calculate the highest common divisor of 242 and 88.
22
Calculate the highest common divisor of 450 and 20.
10
What is the highest common divisor of 412 and 12?
4
What is the 